{"id":3,"date":"2020-08-08T17:19:49","date_gmt":"2020-08-08T17:19:49","guid":{"rendered":"https:\/\/prinacollezioni.it\/wordpress\/?page_id=3"},"modified":"2020-08-31T16:59:22","modified_gmt":"2020-08-31T16:59:22","slug":"privacy-policy","status":"publish","type":"page","link":"https:\/\/prinacollezioni.it\/index.php\/privacy-policy\/","title":{"rendered":"Privacy Policy"},"content":{"rendered":"\n<h2 class=\"wp-block-heading\">Chi siamo<\/h2>\n\n\n\n<p>L&#8217;indirizzo del nostro sito web \u00e8: https:\/\/prinacollezioni.it\/<\/p>\n\n\n\n<h2 class=\"wp-block-heading\">Informazioni generali sui cookie<\/h2>\n\n\n\n<p>Quando accedi a prinacollezioni.it o usi uno dei nostri servizi, il nostro sistema o quello di uno dei nostri partner potrebbe impostare o leggere cookie e\/o altri tipi di identificatori circa il browser e\/o il dispositivo che stai utilizzando. Un cookie \u00e8 un piccolo file di testo che viene memorizzato sul computer di chi visualizza un sito web allo scopo di registrare alcune informazioni relative alla visita nonch\u00e9 di creare un sistema per riconoscere l\u2019utente anche in momenti successivi. Gli identificatori dei dispositivi, invece, vengono generati raccogliendo ed elaborando alcune informazioni come l\u2019indirizzo IP e\/o lo user agent (versione del browser, tipo e versione del sistema operativo) o altre caratteristiche del dispositivo, sempre al fine di ricollegare talune informazioni ad un utente specifico. Un sito Web pu\u00f2 impostare un cookie sul browser solo se le preferenze configurate per quest\u2019ultimo lo consentono. \u00c8 importante sapere che un browser pu\u00f2 consentire a un determinato sito Web di accedere solo ed esclusivamente ai cookie da esso impostati e non a quelli impostati da altri siti Web: non vi \u00e8 alcun rischio per la vostra privacy in tal senso.<\/p>\n\n\n\n<h3 class=\"wp-block-heading\">Titolare del trattamento<\/h3>\n\n\n\n<p>Il titolare del trattamento \u00e8 Prina Tessuti srl Via Calabria, 5 &#8211; 21013 Gallarate (VA), mail: agenziamilano@prinacollezioni.it, nella persona del legale rappresentante pro tempore. Il Titolare ha nominato Responsabile del trattamento dei dati la Sig.ra &#8230;&#8230;&#8230; Tel &#8230;&#8230;..<\/p>\n\n\n\n<h3 class=\"wp-block-heading\">Pratiche relative ai cookie e ad altre tecnologie similari<\/h3>\n\n\n\n<p>Quando i visitatori lasciano commenti sul sito, raccogliamo i dati mostrati nel modulo dei commenti oltre all&#8217;indirizzo IP del visitatore e la stringa dello user agent del browser per facilitare il rilevamento dello spam.<\/p>\n\n\n\n<p align=\"justify\">I dati sono raccolti per le seguenti finalit\u00e0:<br>Gestione dei contatti, invio di newsletter, spedizioni materiale pubblicitario, proposte commerciali, invio di materiale informativo e promozionale dell\u2019attivit\u00e0 di pubbliche relazioni (es: invito a iniziative, newsletter, ecc)<\/p>\n\n\n\n<h3 class=\"wp-block-heading\">Media<\/h3>\n\n\n\n<p>Se carichi immagini sul sito web, dovresti evitare di caricare immagini che includono i dati di posizione incorporati (EXIF GPS). I visitatori del sito web possono scaricare ed estrarre qualsiasi dato sulla posizione dalle immagini sul sito web.t any location data from images on the website.<\/p>\n\n\n\n<h3 class=\"wp-block-heading\">Cookie<\/h3>\n\n\n\n<p>Come \u00e8 d&#8217;uso su tutti i siti web, anche questo sito fa uso di cookies, piccoli file di testo che consentono di conservare informazioni sulle preferenze dei visitatori, per migliorare le funzionalit\u00e0 del sito, per semplificarne la navigazione automatizzando le procedure (es. Login, lingua sito) e per l&#8217;analisi dell&#8217;uso del sito.<\/p>\n\n\n\n<p>I <strong>cookie di sessione<\/strong> sono essenziali per poter distinguere tra gli utenti collegati, e sono utili per evitare che una funzionalit\u00e0 richiesta possa essere fornita all&#8217;utente sbagliato, nonch\u00e9 per fini di sicurezza per impedire attacchi informatici al sito. I cookie di sessione non contengono dati personali e durano per la sola sessione in corso, cio\u00e8 fino alla chiusura del browser. Per essi non occorre consenso.<\/p>\n\n\n\n<p>I <strong>functionality cookie<\/strong> utilizzati dal sito sono strettamente necessari per l&#8217;uso del sito, in particolare sono collegati ad una espressa richiesta di funzionalit\u00e0 da parte dell&#8217;utente (come il Login), per i quali non occorre alcun consenso.<\/p>\n\n\n\n<p><strong>Utilizzando il sito il visitatore acconsente espressamente all&#8217;uso dei cookies.<\/strong><\/p>\n\n\n\n<h3 class=\"wp-block-heading\">Contenuto incorporato da altri siti web<\/h3>\n\n\n\n<p>Gli articoli su questo sito possono includere contenuti incorporati (ad esempio video, immagini, articoli, ecc.). I contenuti incorporati da altri siti web si comportano esattamente allo stesso modo come se il visitatore avesse visitato l&#8217;altro sito web.<\/p>\n\n\n\n<p>prinacollezioni.it pu\u00f2 integrare, all\u2019interno delle proprie pagine, servizi di terze parti che potrebbero impostare e utilizzare propri cookie e\/o tecnologie similari. L\u2019impiego di tali cookie e tecnologie similari da parte di tali aziende \u00e8 regolato dalle informative sulla privacy di dette societ\u00e0 e non dalla presente informativa essendo prinacollezioni.it totalmente estraneo alla gestione di tali strumenti ed al trattamento dei dati da questi derivanti. Forniamo di seguito un elenco (non esaustivo) di alcune delle societ\u00e0 partner che potrebbero utilizzare i cookie mentre navighi sul network di prinacollezioni.it<\/p>\n\n\n\n<h2 class=\"wp-block-heading\">Per quanto tempo conserviamo i tuoi dati<\/h2>\n\n\n\n<p>Se lasci un commento, il commento e i relativi metadati vengono conservati a tempo indeterminato. \u00c8 cos\u00ec che possiamo riconoscere e approvare automaticamente eventuali commenti successivi invece di tenerli in una coda di moderazione.<\/p>\n\n\n\n<p>Per gli utenti che si registrano sul nostro sito web (se presenti), memorizziamo anche le informazioni personali che forniscono nel loro profilo utente. Tutti gli utenti possono vedere, modificare o cancellare le loro informazioni personali in qualsiasi momento (eccetto il loro nome utente che non possono cambiare). Gli amministratori del sito web possono anche vedere e modificare queste informazioni.<\/p>\n\n\n\n<h2 class=\"wp-block-heading\">Quali diritti hai sui tuoi dati<\/h2>\n\n\n\n<p>Se hai un account su questo sito, o hai lasciato commenti, puoi richiedere di ricevere un file esportato dal sito con i dati personali che abbiamo su di te, compresi i dati che ci hai fornito. Puoi anche richiedere che cancelliamo tutti i dati personali che ti riguardano. Questo non include i dati che siamo obbligati a conservare per scopi amministrativi, legali o di sicurezza.<\/p>\n\n\n\n<h3 class=\"wp-block-heading\">Utilizzo dei tuoi dati<\/h3>\n\n\n\n<p>prinacollezioni.it o i suoi partner potrebbero utilizzare i cookie o altro tipo di identificatori per una serie di ragioni, tra cui:<\/p>\n\n\n\n<ul><li>Offrire accesso ad aree riservate del sito ed accedibili dietro autenticazione (in tal caso i cookie sono detti \u201ctecnici\u201d e sono utilizzati per mantenere la sessione di navigazione e\/o per facilitare successivi accessi dal medesimo dispositivo).<\/li><li>Tenere traccia delle preferenze dell\u2019utente mentre utilizza il sito e\/o servizi in esso incorporati o ad esso connessi.<\/li><li>Offrire pubblicit\u00e0 e\/o contenuti pertinenti agli interessi dei visitatori (solo cookie di terze parti).<\/li><li>Elaborare analisi statistiche (analytics) circa l\u2019utilizzo del sito e\/o dei servizi in esso incorporati.<\/li><li>Condurre ricerche per migliorare i contenuti, i prodotti e i servizi di prinacollezioni.it o di suoi partner.<\/li><\/ul>\n\n\n\n<h3 class=\"wp-block-heading\">Come disattivare i cookie<\/h3>\n\n\n\n<p>Puoi configurare il tuo browser in modo da accettare o rifiutare tutti i cookie o particolari tipologie di cookie (ad esempio i cookie di terze parti) oppure puoi scegliere di essere avvertito ogni qualvolta un cookie viene impostato all\u2019interno del tuo computer. \u00c8 importante sapere che il rifiuto di tutti i cookie potrebbe impedirti di usufruire dei prodotti e servizi che richiedono che tu acceda, mediante username e password, ad aree per gli utenti registrati. Tutti questi servizi, infatti, richiedono i cookie per poter funzionare correttamente e, di conseguenza, l\u2019eventuale blocco dei cookie ne renderebbe impossibile l\u2019utilizzo<\/p>\n\n\n\n<p>Le istruzioni per la disabilitazione dei cookies si trovano alle seguenti pagine web:<\/p>\n\n\n\n<ul><li><a rel=\"noreferrer noopener\" href=\"https:\/\/support.mozilla.org\/it\/kb\/Attivare%20e%20disattivare%20i%20cookie\" target=\"_blank\">Mozilla Firefox<\/a><\/li><li><a rel=\"noreferrer noopener\" href=\"https:\/\/support.microsoft.com\/it-it\/help\/17442\/windows-internet-explorer-delete-manage-cookies\" target=\"_blank\">Microsoft Internet Explorer<\/a><\/li><li><a rel=\"noreferrer noopener\" href=\"https:\/\/support.microsoft.com\/it-it\/help\/4027947\/windows-delete-cookies\" target=\"_blank\">Microsoft Edge<\/a><\/li><li><a rel=\"noreferrer noopener\" href=\"https:\/\/support.google.com\/chrome\/answer\/95647?hl=it\" target=\"_blank\">Google<\/a><\/li><li><a rel=\"noreferrer noopener\" href=\"https:\/\/support.google.com\/chrome\/answer\/95647?hl=it\" target=\"_blank\">Chrome<\/a><\/li><li><a rel=\"noreferrer noopener\" href=\"http:\/\/help.opera.com\/Windows\/10.00\/it\/cookies.html\" target=\"_blank\">Opera<\/a><\/li><li><a rel=\"noreferrer noopener\" href=\"https:\/\/support.apple.com\/it-it\/HT201265\" target=\"_blank\">Apple Safari<\/a><\/li><\/ul>\n\n\n\n<h3 class=\"wp-block-heading\"><strong>Piattaforma Software CMS(Content Management Software)<\/strong><\/h3>\n\n\n\n<p>WordPress \u00e8 una piattaforma software di &#8220;personal publishing&#8221; e content management system (CMS) open source ovvero un programma che, girando lato server, consente la creazione e distribuzione di un sito Internet formato da contenuti testuali o multimediali, facilmente gestibili ed aggiornabili in maniera dinamica. Inizialmente fu creato da Matt Mullenweg e distribuito con la licenza GNU General Public License. \u00c8 sviluppato in PHP con appoggio al gestore di database MySQL. WordPress.org \u00e8 il sito da cui viene distribuita la versione ufficiale, gratuita, del software WordPress. Il sito WordPress.org \u00e8 propriet\u00e0 della WordPress Foundation che coordina lo sviluppo del progetto WordPress e lo finanzia.<\/p>\n\n\n\n<h3 class=\"wp-block-heading\"><strong>Riferimenti legali<\/strong><\/h3>\n\n\n\n<p>La presente informativa privacy \u00e8 redatta sulla base di molteplici ordinamenti legislativi, inclusi gli artt. 13 e 14 del Regolamento (UE) 2016\/679.<\/p>\n\n\n\n<p>Ove non diversamente specificato, questa informativa privacy riguarda esclusivamente questa Applicazione.<\/p>\n","protected":false},"excerpt":{"rendered":"<p>Chi siamo L&#8217;indirizzo del nostro sito web \u00e8: https:\/\/prinacollezioni.it\/ Informazioni generali sui cookie Quando accedi a prinacollezioni.it o usi uno dei nostri servizi, il nostro sistema o quello di uno dei nostri partner potrebbe impostare o leggere cookie e\/o altri tipi di identificatori circa il browser e\/o il dispositivo che stai utilizzando. Un cookie \u00e8 &hellip; <\/p>\n","protected":false},"author":1,"featured_media":0,"parent":0,"menu_order":0,"comment_status":"closed","ping_status":"open","template":"","meta":{"footnotes":""},"_links":{"self":[{"href":"https:\/\/prinacollezioni.it\/index.php\/wp-json\/wp\/v2\/pages\/3"}],"collection":[{"href":"https:\/\/prinacollezioni.it\/index.php\/wp-json\/wp\/v2\/pages"}],"about":[{"href":"https:\/\/prinacollezioni.it\/index.php\/wp-json\/wp\/v2\/types\/page"}],"author":[{"embeddable":true,"href":"https:\/\/prinacollezioni.it\/index.php\/wp-json\/wp\/v2\/users\/1"}],"replies":[{"embeddable":true,"href":"https:\/\/prinacollezioni.it\/index.php\/wp-json\/wp\/v2\/comments?post=3"}],"version-history":[{"count":5,"href":"https:\/\/prinacollezioni.it\/index.php\/wp-json\/wp\/v2\/pages\/3\/revisions"}],"predecessor-version":[{"id":110,"href":"https:\/\/prinacollezioni.it\/index.php\/wp-json\/wp\/v2\/pages\/3\/revisions\/110"}],"wp:attachment":[{"href":"https:\/\/prinacollezioni.it\/index.php\/wp-json\/wp\/v2\/media?parent=3"}],"curies":[{"name":"wp","href":"https:\/\/api.w.org\/{rel}","templated":true}]}}